is divided by 92.
80
Calculate the remainder when 28337 is divided by 48.
17
What is the remainder when 63754 is divided by 154?
152
What is the remainder when 91850 is divided by 31?
28
What is the remainder when 1622 is divided by 1604?
18
What is the remainder when 75664 is divided by 409?
408
What is the remainder when 25377 is divided by 309?
39
What is the remainder when 908 is divided by 176?
28
What is the remainder when 1046625 is divided by 36?
33
Calculate the remainder when 4206 is divided by 700.
6
What is the remainder when 7762 is divided by 3623?
516
Calculate the remainder when 5187 is divided by 192.
3
Calculate the remainder when 26496 is divided by 20.
16
What is the remainder when 61243 is divided by 851?
822
Calculate the remainder when 2960 is divided by 308.
188
Calculate the remainder when 28630 is divided by 4.
2
What is the remainder when 3932 is divided by 655?
2
What is the remainder when 368066 is divided by 860?
846
Calculate the remainder when 39395 is divided by 3.
2
Calculate the remainder when 67155 is divided by 406.
165
What is the remainder when 16345 is divided by 61?
58
What is the remainder when 4664 is divided by 2332?
0
Calculate the remainder when 27470 is divided by 3894.
212
Calculate the remainder when 335697 is divided by 746.
743
Calculate the remainder when 9279 is divided by 42.
39
Calculate the remainder when 11503 is divided by 74.
33
Calculate the remainder when 30542 is divided by 10143.
113
Calculate the remainder when 14423 is divided by 900.
23
What is the remainder when 3123 is divided by 352?
307
What is the remainder when 235723 is divided by 87?
40
Calculate the remainder when 54480 is divided by 33.
30
What is the remainder when 12880 is divided by 140?
0
Calculate the remainder when 67064 is divided by 404.
0
Calculate the remainder when 698 is divided by 5.
3
Calculate the remainder when 63301 is divided by 293.
13
What is the remainder when 24667 is divided by 3493?
216
What is the remainder when 11235 is divided by 201?
180
What is the remainder when 304262 is divided by 152127?
8
Calculate the remainder when 9251 is divided by 49.
39
What is the remainder when 2628 is divided by 125?
3
Calculate the remainder when 78573 is divided by 644.
5
What is the remainder when 26203 is divided by 2863?
436
Calculate the remainder when 13199 is divided by 68.
7
Calculate the remainder when 17151 is divided by 11.
2
Calculate the remainder when 7604 is divided by 168.
44
Calculate the remainder when 25222 is divided by 174.
166
Calculate the remainder when 8738 is divided by 141.
137
Calculate the remainder when 8979 is divided by 1779.
84
What is the remainder when 18925 is divided by 65?
10
Calculate the remainder when 2101 is divided by 80.
21
What is the remainder when 20969 is divided by 18?
17
Calculate the remainder when 46771 is divided by 410.
31
What is the remainder when 1216025 is divided by 9?
8
What is the remainder when 120220 is divided by 30049?
24
Calculate the remainder when 2306 is divided by 851.
604
Calculate the remainder when 15519 is divided by 5169.
12
What is the remainder when 25432 is divided by 690?
592
What is the remainder when 489456 is divided by 163149?
9
What is the remainder when 1381 is divided by 127?
111
Calculate the remainder when 1646 is divided by 192.
110
What is the remainder when 34343 is divided by 81?
80
What is the remainder when 134139 is divided by 19?
18
What is the remainder when 247 is divided by 45?
22
What is the remainder when 52846 is divided by 72?
70
Calculate the remainder when 9112 is divided by 93.
91
Calculate the remainder when 32495 is divided by 1803.
41
What is the remainder when 10985 is divided by 1845?
1760
Calculate the remainder when 30149 is divided by 30.
29
Calculate the remainder when 167914 is divided by 68.
22
What is the remainder when 196511 is divided by 1787?
1728
Calculate the remainder when 1973519 is divided by 45.
44
What is the remainder when 2353 is divided by 818?
717
Calculate the remainder when 2530 is divided by 1802.
728
What is the remainder when 5951 is divided by 25?
1
What is the remainder when 893413 is divided by 38?
33
What is the remainder when 217429 is divided by 35?
9
What is the remainder when 71745 is divided by 2096?
481
Calculate the remainder when 4427 is divided by 286.
137
Calculate the remainder when 42637 is divided by 469.
427
Calculate the remainder when 1273426 is divided by 10.
6
Calculate the remainder when 159717 is divided by 44.
41
Calculate the remainder when 576745 is divided by 288370.
5
What is the remainder when 204 is divided by 23?
20
What is the remainder when 8517 is divided by 60?
57
Calculate the remainder when 48939 is divided by 30.
9
What is the remainder when 4801 is divided by 1597?
10
Calculate the remainder when 27372 is divided by 1824.
12
Calculate the remainder when 20676 is divided by 20670.
6
Calculate the remainder when 720 is divided by 59.
12
Calculate the remainder when 60357 is divided by 15088.
5
Calculate the remainder when 1283036 is divided by 27.
23
What is the remainder when 763 is divided by 205?
148
Calculate the remainder when 14289 is divided by 36.
33
What is the remainder when 1103 is divided by 417?
269
Calculate the remainder when 24516 is divided by 1442.
2
Calculate the remainder when 25594 is divided by 502.
494
What is the remainder when 18309 is divided by 917?
886
What is the remainder when 6660 is divided by 606?
600
Calculate the remainder when 2466 is divided by 821.
3
What is the remainder when 24447 is divided by 91?
59
What is the remainder when 3417 is divided by 854?
1
What is the remainder when 9242 is divided by 9155?
87
Calculate the remainder when 29772 is divided by 146.
134
What is the remainder when 16046 is divided by 136?
134
Calculate the remainder when 491396 is divided by 504.
500
Calculate the remainder when 1814 is divided by 895.
24
What is the remainder when 16715 is divided by 58?
11
What is the remainder when 15472 is divided by 2556?
136
Calculate the remainder when 23273 is divided by 329.
243
Calculate the remainder when 176385 is divided by 86.
85
What is the remainder when 15342 is divided by 3833?
10
What is the remainder when 49772 is divided by 275?
272
What is the remainder when 2526 is divided by 197?
162
What is the remainder when 660142 is divided by 61?
0
What is the remainder when 742674 is divided by 398?
6
Calculate the remainder when 16139 is divided by 7977.
185
What is the remainder when 18036 is divided by 2?
0
Calculate the remainder when 18315 is divided by 831.
33
What is the remainder when 214646 is divided by 15?
11
Calculate the remainder when 8947 is divided by 2231.
23
What is the remainder when 174 is divided by 42?
6
What is the remainder when 17873 is divided by 2524?
205
What is the remainder when 9472 is divided by 558?
544
Calculate the remainder when 8010 is divided by 99.
90
What is the remainder when 448 is divided by 17?
6
Calculate the remainder when 468400 is divided by 94.
92
What is the remainder when 426489 is divided by 198?
195
Calculate the remainder when 216057 is divided by 39.
36
What is the remainder when 15746 is divided by 14?
10
Calculate the remainder when 1768113 is divided by 7.
4
Calculate the remainder when 8225 is divided by 68.
65
What is the remainder when 5362 is divided by 892?
10
Calculate the remainder when 3338 is divided by 3316.
22
Calculate the remainder when 3037 is divided by 93.
61
What is the remainder when 42622 is divided by 6?
4
Calculate the remainder when 569571 is divided by 18.
15
Calculate the remainder when 13671 is divided by 38.
29
What is the remainder when 632884 is divided by 11?
10
Calculate the remainder when 242725 is divided by 242682.
43
What is the remainder when 70768 is divided by 24?
16
Calculate the remainder when 18987 is divided by 826.
815
Calculate the remainder when 47313 is divided by 11818.
41
What is the remainder when 1240 is divided by 93?
31
What is the remainder when 40234 is divided by 34?
12
Calculate the remainder when 118049 is divided by 1904.
1
Calculate the remainder when 136569 is divided by 45519.
12
Calculate the remainder when 9930 is divided by 3310.
0
Calculate the remai